 5
-241013224
296d5 (base 15) to base 2
100000100000110111
-33642 (base 11) to base 6
-1013224
b363 (base 13) to base 12
123ab
-1081218 (base 10) to base 15
-165563
Convert 4244222324 (base 5) to base 16.
88f8cd
Convert -66ffc5 (base 16) to base 13.
-1524593
What is 1223584 (base 10) in base 14?
23bcac
Convert 30d137 (base 15) to base 4.
20312331211
10267932 (base 10) to base 15
d7c53c
Convert -100010111010101011010 (base 2) to base 8.
-4272532
-12020001002102 (base 3) to base 5
-1202313342
What is -2204243204 (base 5) in base 8?
-22117213
-2544456 (base 8) to base 12
-2a1092
Convert -2b8685 (base 12) to base 3.
-1101121211202
8e76c (base 15) to base 13
12b7c6
What is 346689 (base 11) in base 14?
1048b4
1231344 (base 5) to base 4
11312212
-43114545 (base 6) to base 7
-13536131
12deb1 (base 16) to base 6
42301133
What is 121454331 (base 6) in base 16?
2378ef
Convert 14340434 (base 8) to base 6.
153515500
Convert -12010222001 (base 3) to base 7.
-601231
-367011 (base 13) to base 5
-313110023
Convert -3919a (base 14) to base 13.
-4bb06
Convert -1000000111000100100 (base 2) to base 11.
-171744
-3443116 (base 9) to base 15
-26ac66
Convert 543535535 (base 6) to base 3.
200020220102112
211122120002111 (base 3) to base 12
4046057
Convert -7851523 (base 10) to base 5.
-4002222043
What is -3103410302 (base 5) in base 11?
-361a944
-40495 (base 11) to base 3
-10000010211
Convert 3174453 (base 9) to base 4.
12133222323
What is 2eaa9 (base 15) in base 13?
538c5
-2409b (base 12) to base 15
-e588
What is 107bb0 (base 12) in base 3?
111100021120
Convert 10010020121021 (base 3) to base 13.
460999
Convert 120130113321 (base 4) to base 6.
345201053
10100101002201 (base 3) to base 4
12302102101
What is 553342 (base 7) in base 16?
17bde
Convert 11013103 (base 7) to base 14.
1a83aa
Convert -2531121 (base 7) to base 8.
-1176437
Convert -105266 (base 14) to base 16.
-86c5a
What is -2461c (base 16) in base 3?
-21120102021
What is 167476 (base 15) in base 9?
2037113
52618 (base 9) to base 5
2103031
Convert -223023023 (base 4) to base 16.
-2b2cb
11000110100011010000101 (base 2) to base 6
351240525
-302a4 (base 11) to base 13
-17201
What is 1211011110222 (base 3) in base 9?
1734428
Convert 202303330 (base 4) to base 10.
142588
Convert -5839f (base 16) to base 7.
-3033400
What is 11011010011110111110 (base 2) in base 9?
1613524
Convert dfa5c (base 16) to base 5.
213303220
Convert -1403330443 (base 5) to base 12.
-1244269
-647887 (base 9) to base 12
-167714
What is -6958470 (base 10) in base 2?
-11010100010110110000110
-576572 (base 9) to base 10
-346016
What is a56915 (base 14) in base 5?
2412313232
-214301442 (base 5) to base 10
-931497
What is -74913 (base 10) in base 9?
-123676
Convert -1eaccb (base 15) to base 2.
-101101111010111111110
3012635 (base 11) to base 3
101000221011021
-1210120012202 (base 3) to base 15
-13d34e
What is 1a2b (base 13) in base 4?
331110
-26648 (base 12) to base 8
-147030
What is -10330031 (base 6) in base 2?
-1001010111111100011
What is 34274142 (base 8) in base 10?
7436386
What is 10310601 (base 7) in base 13?
249045
-1326644 (base 7) to base 15
-36ddb
What is 33234 (base 15) in base 3?
22020220111
What is 3008018 (base 11) in base 5?
2330402400
What is -19fa3 (base 16) in base 3?
-12101221212
What is 1240462 (base 7) in base 3?
22011222221
-1134221223 (base 6) to base 2
-110000110101100010001111
What is -40321005 (base 6) in base 14?
-21b84d
Convert 111020221010 (base 3) to base 9.
436833
Convert 1942a (base 12) to base 3.
1212121121
Convert 192991 (base 13) to base 8.
2327007
Convert 120221210 (base 4) to base 8.
305144
2036475 (base 12) to base 10
6045209
What is -1084441 (base 9) in base 4?
-2033113012
What is 15a6ea (base 15) in base 11?
656274
-1cb1e (base 16) to base 2
-11100101100011110
2a3a95 (base 11) to base 12
1aa24b
10114511 (base 7) to base 5
204010001
Convert 21065 (base 15) to base 12.
50728
Convert 2024864 (base 10) to base 13.
55b85a
142344323 (base 5) to base 12
300246
-434518 (base 11) to base 6
-22513151
111000100100110 (base 2) to base 8
70446
What is -145131 (base 6) in base 16?
-370f
-240ae (base 16) to base 7
-1153260
54744 (base 8) to base 9
34508
Convert -542221045 (base 6) to base 12.
-3284785
What is -123641035 (base 7) in base 16?
-782c41
What is -112002020010020 (base 3) in base 9?
-15066106
Convert 154441 (base 9) to base 10.
95131
Convert 3201022111 (base 4) to base 14.
1a015b
Convert 117866 (base 11) to base 9.
313181
-27c1d (base 16) to base 10
-162845
-30128655 (base 9) to base 15
-13eebeb
1000216 (base 7) to base 13
417a6
Convert -1076a6 (base 14) to base 6.
-15544550
-10aa7a2 (base 12) to base 5
-1310234004
Convert -1211300032 (base 4) to base 14.
-abc62
What is -2211031000 (base 4) in base 11?
-422437
Convert -8427214 (base 10) to base 3.
-120212010222001
Convert 1046533 (base 8) to base 16.
44d5b
What is -32266857 (base 9) in base 4?
-323122110313
Convert 32643526 (base 7) to base 15.
3a9ce7
What is 22310221013 (base 4) in base 10?
2837063
What is -221102022220010 (base 3) in base 6?
-1201313433
Convert 3dfeac (base 16) to base 3.
21122102020111
What is 1bb468a (base 14) in base 3?
222010012101202
-602002 (base 7) to base 12
-4a90a
What is 663332 (base 8) in base 5?
24113223
-30330100230 (base 4) to base 5
-1332030211
Convert 211222310 (base 4) to base 10.
154292
Convert 15056442 (base 8) to base 13.
932000
Convert -100011100000111 (base 2) to base 6.
-220103
Convert -11111100100100011000 (base 2) to base 12.
-41a820
Convert -111001121020 (base 3) to base 13.
-8ccca
What is -313214012 (base 5) in base 10?
-1304257
What is -1465883 (base 10) in base 13?
-3c42b3
What is 1a22010 (base 12) in base 2?
10101000011011110001100
What is 111210001122 (base 3) in base 8?
1021600
-27419d (base 15) to base 7
-22016311
What is 184579 (base 11) in base 4?
1011120202
What is -11221022012 (base 3) in base 8?
-275632
Convert -1b5783 (base 14) to base 6.
-32524411
18072750 (base 10) to base 9
37005133
-30140062 (base 9) to base 8
-67037720
Convert 22212102220 (base 3) to base 16.
2a9d8
Convert -2944a (base 15) to base 6.
-2501511
What is 404007 (base 16) in base 15?
582930
What is 24bbcb (base 13) in base 10?
883023
Convert 1552041 (base 6) to base 5.
10424343
Convert 1101001002220 (base 3) to base 15.
e6053
-2145512 (base 8) to base 6
-20204110
Convert 3b151a (base 13) to base 14.
293787
What is -3193a0 (base 15) in base 8?
-11001216
Convert -101001011010011101 (base 2) to base 14.
-45b65
Convert 32072 (base 12) to base 13.
23c09
Convert -1a0947 (base 12) to base 11.
-292839
What is 421540 (base 6) in base 11?
236a5
Convert -11154313 (base 6) to base 8.
-1233505
1010001000221 (base 3) to base 12
2461a4
What is 257976 (base 15) in base 16?
1b6e04
Convert -17ab83 (base 16) to base 4.
-11322232003
-131025152 (base 6) to base 8
-11633134
Convert -432201010 (base 5) to base 6.
-103153025
What is -1011010111101101100111 (base 2) in base 4?
-23113231213
Convert -1010011000101100001 (base 2) to base 13.
-bbb97
What is 46206212 (base 7) in base 8?
17312405
What is -93204 (base 11) in base 9?
-226510
-1442 (base 5) to base 4
-3313
Convert 2321132330 (base 4) to base 15.
100195
Convert -2645036 (base 7) to base 9.
-578585
What is -22042421 (base 8) in base 10?
-4736273
-293054 (base 10) to base 8
-1074276
-121320022001 (base 4) to base 6
-401221345
Convert -11010111101000011 (base 2) to base 4.
-122331003
-4226763 (base 10) to base 16
-407ecb
Convert -11203200 (base 4) to base 9.
-34180
-1111110110100000111110 (base 2) to base 16
-3f683e
What is 88612 (base 10) in base 6?
1522124
Convert 3422406 (base 8) to base 11.
583501
What is -2131043131 (base 5) in base 8?
-21266237
What is -434143204 (base 5) in base 10?
-1865429
What is 1821484 (base 11) in base 4?
23302223112
What is -1811449 (base 10) in base 11?
-1027a72
Convert 4a1e35 (base 15) to base 2.
1101100010110001110101
b3951 (base 16) to base 7
6152342
Convert -373637 (base 9) to base 15.
-46d71
What is -8a304 (base 15) in base 9?
-738704
What is -ca416 (base 16) in base 11?
-516466
Convert -9aa2 (base 15) to base 5.
-2022102
What is -3552211 (base 6) in base 4?
-231113233
11245210 (base 6) to base 4
1111011012
What is 12acb38 (base 15) in base 4?
303111303131
Convert 3c09c